643 = -238. What is the greatest common factor of 189 and l?
27
Let n be (7 - (-88)/20)/(4/20). What is the highest common factor of 21 and n?
3
Suppose -9*z + 4*z + 100 = 0. Suppose -2*b - z = -6*b. Calculate the highest common divisor of b and 35.
5
Suppose 0 = 15*q - 13*q - 46. What is the greatest common factor of q and 851?
23
Let y(d) = -2 - 10*d - 1 - 6 - 1. Let j be y(-8). Let m be ((-315)/60)/((-3)/16). Calculate the highest common divisor of m and j.
14
Let h(f) = -38*f + 48. Let a be h(1). Let c be (1 - -2)*8 + -1. Suppose c = n - a. What is the greatest common factor of 3 and n?
3
Let s be (-2 - -2 - -103) + 0/(-1). Suppose 0 = 5*n + s - 268. Calculate the greatest common factor of n and 3.
3
Let l = 2927 - 2875. What is the highest common divisor of 559 and l?
13
Let s(z) = z**3 - z**2 + 5. Suppose 3*t + 3*w - 3 = 0, w = 4*w - 3. Let y be s(t). What is the highest common factor of y and 5?
5
Suppose 13*x + 2*x - 4230 = 0. Calculate the highest common divisor of x and 47.
47
Let b = 16 - -5. Suppose -7*y + 985 = 250. What is the greatest common divisor of y and b?
21
Suppose 0 = -4*d + 2*b + 82, 3*b = 3 + 6. What is the highest common divisor of 44 and d?
22
Let y = -19 - -8. Let n(d) = -d - 8. Let m be n(y). Suppose q = -1, -41 = -m*i + 5*q - 3*q. Calculate the greatest common divisor of 52 and i.
13
Let d be 2/(-4)*(-14)/1. Suppose 4*a - 8 = 108. Let n = a + -28. What is the highest common factor of d and n?
1
Let u be (-45)/(-18)*168/20. Calculate the highest common divisor of 133 and u.
7
Let i be (-24)/40 - 6/(-10). Suppose -3*t + 67 = 5*u, i*u - 55 = -3*t + u. What is the greatest common divisor of 19 and t?
19
Let m be 2/(-9) + 13/(1053/8280). Calculate the greatest common factor of m and 6.
6
Suppose 0 = -2*l - 2*b + 108, 0 = 2*l + 5*b - 16 - 83. Calculate the greatest common divisor of l and 1311.
57
Let f be ((5 - 0) + -4)/((-1)/(-292)). What is the highest common factor of 4 and f?
4
Let g(x) = -x - 7. Let c be g(-12). Let f be (c/(-4))/((-1)/100). Suppose -2*l + 50 = -0. What is the highest common divisor of f and l?
25
Let d be (-8)/(-28) + 108/14. Let k(i) = i**3 - 8*i**2 + i - 8. Let t be k(d). Suppose -3*b = -t*b - 162. What is the highest common divisor of 6 and b?
6
Suppose 31*r - 34*r + 1002 = -3*a, -5*a = 5*r - 1690. What is the highest common factor of r and 224?
112
Let m be -1*(-5)/((-10)/(-172)). Suppose 5*t = -m + 386. Suppose 4*w + 0*w = t. Calculate the highest common divisor of 5 and w.
5
Let f = 2 - 0. Suppose 0 = 2*z + 4 + f. Let c(d) = -14*d. Let v be c(z). Calculate the highest common factor of 6 and v.
6
Suppose 3*m - 12*q - 627 = -9*q, 0 = 3*m - 5*q - 637. Calculate the greatest common factor of m and 6.
6
Let h be (132/(-24))/((-2)/(-12) + 0). Let g be 22*(h/(-18) + (-2)/6). Calculate the greatest common factor of g and 165.
33
Let u(k) = k**2 + 19*k + 53. Let f be u(-18). Suppose 2*z - 28 = -2*z. What is the highest common factor of z and f?
7
Let i = 18 - 20. Let o be (i/(-4))/(5/80). Let g(t) = t**3 + 18*t**2 - 21*t + 2. Let f be g(-19). What is the greatest common divisor of o and f?
8
Let b = 129 - 3. Let c = 29 + -15. Calculate the greatest common divisor of c and b.
14
Suppose 0 = 4*g + 3*n - 41, 6*n + 55 = 5*g + 9*n. Calculate the highest common divisor of g and 8.
2
Suppose 3*p = -5*f + p + 7, 27 = 5*f - 3*p. Let k be 12/f + 118/2*1. Let z = -47 + 89. Calculate the greatest common factor of z and k.
21
Let v(h) = 2*h - 1. Let c be v(6). Let g(s) = 21*s**2 + 142*s - 2. Let i be g(-7). Calculate the greatest common divisor of i and c.
11
Let d be (-69)/(-6) + 2/(-4). Let n be 323/(-209) + 12/22. Let f = d + n. What is the greatest common factor of f and 70?
10
Suppose r = -4*r, -4*r = i - 297. Calculate the highest common factor of 33 and i.
33
Suppose m = 2 - 1. Let h = 131 - 129. What is the highest common factor of h and m?
1
Let l(j) = -j**2 - 18*j - 70. Let b be l(-12). What is the highest common factor of 8 and b?
2
Let v = -121 + 121. Let i(b) = 2*b**2 + 6*b + 12. Let g be i(v). What is the greatest common factor of 12 and g?
12
Let t = 62 - 32. Let o = 113 - 79. Suppose o*f = 31*f + 9. Calculate the greatest common factor of f and t.
3
Suppose -s + 1245 = 5*a, -3*s - 6*a + 3*a = -3771. Calculate the greatest common factor of 30 and s.
30
Suppose -a = -0*a + 3*d - 45, -5*a + 3*d + 171 = 0. Let j = 2561 + -2557. What is the greatest common divisor of j and a?
4
Let h(l) = -l**2 - 4*l + 2. Let i be h(-4). Let o(q) = q**2 + 23*q - 230. Let m be o(8). Calculate the greatest common divisor of i and m.
2
Suppose -2 = 4*v - 10. Let p be (35/(-21))/((2/(-3))/v). What is the highest common factor of p and 45?
5
Let o be 1116/63 - 4/(-28)*2. Calculate the highest common factor of 288 and o.
18
Suppose 0 = -2*c + 13 + 13. Suppose 5 + 5 = -2*a. Let o = 18 + a. What is the highest common divisor of c and o?
13
Let j be (-2 - 3*-23)/((-2)/4). Let x = j + 150. Calculate the greatest common factor of 1 and x.
1
Suppose -1198 = -11*d + 2729. Calculate the greatest common divisor of 42 and d.
21
Let g = -31 - -55. Suppose -5*h + h = -g. Calculate the highest common factor of 4 and h.
2
Let j = 1131 + -1076. What is the greatest common divisor of j and 385?
55
Suppose -100 = -2*b + 5*i - 3*i, 3*i = b - 60. What is the greatest common divisor of b and 30?
15
Suppose g + 23 + 16 = 0. Let j = g + 57. Suppose 4*k - 131 = -5*h + 2*k, -h + k = -29. What is the highest common factor of h and j?
9
Suppose 1234 = 5*j - 3*z, 0*z + 4*z = 3*j - 747. Calculate the highest common divisor of 35 and j.
35
Suppose 0 = -3*l + 64 - 58. What is the highest common factor of 24 and l?
2
Let x be ((-34)/6)/(18/(-972)). Calculate the greatest common divisor of x and 90.
18
Suppose -5*k = -5*g - 42 - 563, 5*k - 602 = 2*g. Let d = -78 + k. Calculate the highest common divisor of 42 and d.
42
Suppose 3*p = 2*p - k + 9, 7 = 3*p - 2*k. Suppose 3*x + 5*a = 721, -2*a + p*a + 3 = 0. What is the highest common divisor of 22 and x?
22
Let g be (-40 + 35/(-7))/(-1). Calculate the greatest common factor of g and 60.
15
Let t be (-27)/(-2)*(9 - 7). Calculate the highest common divisor of t and 6.
3
Suppose 4*z - z - 168 = 0. Suppose 2*m - 5*w = -70, -2*m - z = -0*m + 2*w. Let t be (-8)/(-3)*m/(-4). What is the highest common divisor of 100 and t?
20
Suppose -499*m + 56 = z - 497*m, 5*m - 5 = 0. Let h(k) = -19*k + 2. Let b be h(-7). Calculate the highest common factor of z and b.
27
Let a(m) = -12*m - 35. Let s be a(-5). Let h = 258 + -133. What is the highest common divisor of h and s?
25
Let l be 1 - (2/(-1) - 27). Let o = 36 - l. What is the highest common divisor of o and 6?
6
Let p(y) = -y**3 + 10*y**2 + 15*y - 10. Let r be p(11). Calculate the highest common factor of r and 85.
17
Let f = -375 + 545. Suppose -5*j = 4*q - f, 3*q + j = 146 - 24. What is the highest common factor of q and 10?
10
Suppose 84 = 97*a - 90*a. Calculate the greatest common factor of 87 and a.
3
Let g(u) = 3*u + 93. Suppose -5*p = 5*i + 125, -p + 3*i = 29 + 8. Let n be g(p). Calculate the highest common divisor of 36 and n.
9
Let a(f) = 5*f**2 - f + 8. Let t be a(7). What is the highest common factor of t and 82?
82
Suppose -2*n - 12 + 5 = -3*k, -3*k = n - 10. Calculate the greatest common factor of n and 11.
1
Let p be (1 - 0)*(13 + -15 - -1298). Calculate the highest common factor of p and 81.
81
Let l(n) = -2*n**2 - 10*n - 6. Let k be l(-6). Let h = 20 + k. Suppose h*v = -v + 24. Calculate the greatest common divisor of v and 16.
8
Let y be (-30)/(-55) - (-7984)/44. Calculate the greatest common factor of 26 and y.
26
Let k be (-4)/(-10) - (13 + 2343/(-55)). Calculate the greatest common divisor of 810 and k.
30
Let p = -9 - -12. Suppose y + 110 = 5*x, -2*x + 7 = y - 30. Suppose 4*t = -c - 5, 0 = 5*c - p*t - 0 - x. What is the greatest common divisor of 2 and c?
1
Let o = -2 - -7. Let i(a) = 3*a + 2*a + 3*a**2 - 3*a + o. Let u be i(-4). What is the highest common factor of 5 and u?
5
Suppose 6*f = 61 - 7. Suppose -o + 225 = 5*p, 3*p - 2*o = -7*o + 135. Calculate the greatest common divisor of p and f.
9
Let n = 21 + -11. Suppose -y = y - n. Suppose y*j - j - 12 = 0. Calculate the greatest common divisor of 3 and j.
3
Let y(u) = -u**3 - 26*u**2 + 24*u -